 10.
7
Let t(h) = -7*h**3. Suppose 0*s = -3*s + 2*k + 67, -k = 5. Calculate the remainder when s is divided by t(-1).
5
Let c(h) = h**3 - 2*h**2 - 2*h - 2. Let t(q) = -q + 10. Let j be t(7). Suppose -3*u + 5 = -1. Calculate the remainder when u is divided by c(j).
0
Let v = 22 - 14. Calculate the remainder when 14 is divided by v.
6
Suppose 0 = 4*w - 2*w - 28. What is the remainder when 27 is divided by w?
13
Let o(q) = -4*q + 11. Let h be o(8). Let k = -14 - h. Let y = 1 + 1. Calculate the remainder when k is divided by y.
1
Let c = -83 - -97. What is the remainder when 40 is divided by c?
12
Suppose 5*y - 65 = -0*y. Calculate the remainder when 50 is divided by y.
11
Let v(k) = 5*k**2 + 2*k + 1. Suppose 0 = -5*y + 5*d + 345, -y + 2*d + 3*d = -81. What is the remainder when y is divided by v(-2)?
15
Suppose 5*u - 2 = 8. Suppose 0 = u*n + 2*n - 16. What is the remainder when -2 - (-9 + (-4)/(-2)) is divided by n?
1
Let n be 3 - (-4 - -2)*-1. What is the remainder when 6 is divided by -1*(-1 + -2 - n)?
2
Let a = 7 - 5. Let d(q) = -q**3 + 6*q**2 + q - 4. Let k be d(6). Suppose 4*f - 3*f - k = 0. Calculate the remainder when a is divided by f.
0
Suppose 0 = -2*r - 0 - 2. What is the remainder when 23 - (-1)/r*-1 is divided by 13?
11
Let h = 78 + -32. Let i(o) = -o**2 + 5*o + 4. Let s(z) = -z**2. Let j(m) = i(m) - 4*s(m). What is the remainder when h is divided by j(-3)?
14
Suppose 18*p - 219 = 51. Calculate the remainder when ((-56)/(-10))/(2/10) is divided by p.
13
Let b = 22 + 36. Calculate the remainder when 26 is divided by 4/12 - b/(-6).
6
Let b(m) = -m - 5 + 4 - 1. Let c be b(2). Let l = 7 + c. What is the remainder when 7 is divided by l?
1
Let b(w) = 17*w**2 + 5*w - 7. Calculate the remainder when b(-3) is divided by 22.
21
Suppose 0 = 4*r + 2*i - 124, 4*i - i - 36 = -r. Let t(k) = 18*k - 2. Let h = 12 + -11. Calculate the remainder when r is divided by t(h).
14
Suppose 4 = -2*c + 3*c. Suppose -m - 2*x = -12, -c*m + x - 3 = -15. What is the remainder when 17 is divided by 15*(m/(-5))/(-2)?
5
Suppose 23 = k - 3*x, 3*x = -3*k + 64 + 53. Calculate the remainder when k is divided by 23.
12
Let z = 102 - 80. What is the remainder when 86 is divided by z?
20
Let y(f) = f**2 - 5*f - 10. What is the remainder when y(13) is divided by 19?
18
Suppose -3*h + h + 2*s = -152, -2 = -2*s. What is the remainder when h is divided by 16?
13
Let w = 39 + -20. Calculate the remainder when (4 - 1) + 0 + 53 is divided by w.
18
Let s be 180/16 + 1/(-4). Let w = 21 - s. Calculate the remainder when 19 is divided by w.
9
Suppose -2*r + 45 = 2*j - 7*j, -93 = -3*r - j. Calculate the remainder when 208 is divided by r.
28
Let w be ((-2)/3)/((-4)/18). Suppose 2*v = w*t - v - 12, 2*t - 4 = 4*v. Let d = 2 + t. What is the remainder when 14 is divided by d?
6
Calculate the remainder when 52 is divided by 8 - 6*(-2)/4.
8
Let k be (-6)/(-4)*8/6. Suppose 34 + 10 = k*h. What is the remainder when h is divided by 12?
10
Suppose 2*y = -0 - 20. Let k(i) = -i**3 - 9*i**2 + 3*i + 7. What is the remainder when k(y) is divided by 20?
17
Suppose 0 = -3*d, -2*o + 10 = -5*d + 4*d. Suppose -2*t + 8 + 24 = 0. Suppose -39 = -3*s + 3*a, t - 3 = s - 2*a. What is the remainder when s is divided by o?
3
Suppose -3*u - 58 = -5*u. Suppose 6*i - i - 20 = 0. Let v = u - i. What is the remainder when v is divided by 13?
12
Let c = 15 - -35. Calculate the remainder when c is divided by 13.
11
Let k be (-3)/2 + (-2)/4. Let r = 3 + k. Let u = 7 - r. What is the remainder when 11 is divided by u?
5
Suppose 9*p - 6*p - 30 = 0. What is the remainder when 39 is divided by p?
9
Let h = 32 - 20. Let z = 83 + -36. What is the remainder when z is divided by h?
11
Suppose 4*a + 38 = 6*a. Let t = 31 - a. What is the remainder when t is divided by 7?
5
Suppose 0 = 2*c - 4*c + 22. Let m = -20 + 33. Suppose -2*w = -5*u + 14, 0 = u - 0*w + 3*w - m. What is the remainder when c is divided by u?
3
Let s = -12 + 19. Let p(b) = -4*b + s*b - 6 + 0*b. Calculate the remainder when 28 is divided by p(7).
13
Suppose 3*l + l = 28. Suppose 16 = 5*o - j, -o + 1 = -5*j - l. Suppose 0 = w - 6*w - 2*f + 33, o = -w + 2*f. What is the remainder when 8 is divided by w?
3
Let f = 9 + -3. Suppose 8*x = f*x + 48. Suppose -4*m + 180 = 4*q, 4*q = -4*m + 7*m + 187. Calculate the remainder when q is divided by x.
22
Let n = -6 - -13. What is the remainder when ((-76)/8)/(2/(-4)) is divided by n?
5
Let c = 0 - -69. Suppose -15 = -r + t, -5*r + r + 5*t + 57 = 0. What is the remainder when c is divided by r?
15
Let g be 4/(-22) + 532/22. Let o = -11 + g. What is the remainder when 23 is divided by o?
10
Let s = 5 - 1. Suppose -b = 2*w - 3*w - 13, 5*w - 25 = -s*b. What is the remainder when 17 is divided by b?
7
Suppose -5*x + 6*x - 33 = 0. Calculate the remainder when x is divided by 9.
6
Suppose 30 = -0*a + 5*a. What is the remainder when 16 is divided by a?
4
Let g = 36 - 15. Let v = -8 - -11. Let a = v + 8. Calculate the remainder when g is divided by a.
10
Let r(c) = 5*c**2 - 2*c + 1. Let f be r(1). Suppose 0 = f*d - 0*d - 72. What is the remainder when 35 is divided by d?
17
Let u(x) = x**2 - 15*x + 10. Calculate the remainder when 19 is divided by u(15).
9
Let y(d) = 4*d. Let z be 6/(-4) + (-52)/(-8). Let p(a) = 3*a - 2. What is the remainder when y(z) is divided by p(3)?
6
Suppose 3*s - 3*t = 300, -3*t - 65 = -2*s + 140. What is the remainder when s is divided by 14?
11
Suppose 0 = -3*z - z + 20. Let v(f) = f**2 - 4*f + 4. What is the remainder when v(z) is divided by 2?
1
Suppose -20 = -3*t + 2*t. Let f = t + -11. Suppose 0 = 4*x - 2*o - 0*o - 98, 0 = -3*x - o + 76. Calculate the remainder when x is divided by f.
7
What is the remainder when 66 is divided by 1*((-68)/(-4))/1?
15
What is the remainder when 62 is divided by (1/(-2))/((-13)/338)?
10
Suppose -2*h + 170 = 3*h. Calculate the remainder when h is divided by 122/10 + (-2)/10.
10
Let m be (-364)/6 - (-4)/6. Let d = 116 + m. Suppose -3*u + 7*u - d = 0. What is the remainder when 26 is divided by u?
12
Suppose 3*o = -5 + 29. Let r = o + 5. Calculate the remainder when r is divided by 5.
3
Let a = 1 - -9. Let i = a + -7. Calculate the remainder when 7 is divided by i.
1
Suppose 4*o - 137 = -33. Calculate the remainder when -3 + 78 - 0/1 is divided by o.
23
Suppose 3*p = 4*t + 108, -5*p + 63 = -2*t - 5. What is the remainder when (21 + 1)*(-60)/t is divided by 28?
27
Let x be (-9)/6*6/(-9). Suppose -3*i + 2 = -x. Suppose -i = b - 2. What is the remainder when 3 is divided by b?
0
Suppose -10 - 15 = -5*m. Suppose m = 2*k - k. What is the remainder when 12 is divided by k?
2
Suppose 3*d + 12 = j, -j - 2*d = 3*j - 20. Suppose -3*f + 3*q = -6*f, 20 = 5*f - 5*q. Calculate the remainder when j is divided by f.
0
Let d(c) = -3*c - 31. Suppose 50 = 5*a + 5*b, 4 = b + 2. Calculate the remainder when d(-15) is divided by a.
6
Suppose -5*s + 4*d + 62 = -16, d = 5*s - 72. Suppose 5*r - 111 = 94. What is the remainder when r is divided by s?
13
Let o be 102*(0 - 6/(-9)). Suppose 14 = -5*b + h + 99, 0 = -3*b + 4*h + o. What is the remainder when b is divided by 9?
7
Let a = -26 - -14. Let k(h) = -h**2 + 8*h - 4. What is the remainder when k(3) is divided by ((-4)/(-6))/((-2)/a)?
3
Let j(f) = f + 13. Let v be j(-8). Let b be (-1)/2*(-6 - 0). Suppose 3*o = v*y - 22, 2*o = 2*y - y - b. What is the remainder when 14 is divided by y?
4
Let z = 123 - 119. What is the remainder when 99/15 + 2/5 is divided by z?
3
Let o = -56 - -119. Calculate the remainder when o is divided by 13.
11
Suppose 5*p + 5*v = 3*p + 133, 0 = p - 5*v - 74. Suppose l + 2*l = p. What is the remainder when l is divided by ((-54)/(-63))/((-2)/(-14))?
5
Let z be -1*((-17 - -1) + 1). Let a = z + 1. What is the remainder when 2/6 + (-89)/(-3) is divided by a?
14
Let x(c) = -c**3 + 7*c**2 - 5*c - 3. Suppose -4 - 4 = -2*m. Suppose a = m*a - 2*i - 14, 3*i = a. What is the remainder when a is divided by x(6)?
0
Let r(o) = 6*o - 5. Let h = -11 + 14. Calculate the remainder when 38 is divided by r(h).
12
Let v be (1/2)/((-2)/(-12)). Suppose 8*s - 160 = v*s. Suppose s = 4*p - 0*p. Calculate the remainder when 14 is divided by p.
6
Let h be -39*(2 - (2 - 1)). Let v = -26 - h. What is the remainder when 37 is divided by v?
11
Let x(o)